{"id":13818,"date":"2026-04-26T13:56:17","date_gmt":"2026-04-26T11:56:17","guid":{"rendered":"https:\/\/pes-luxembourg.lu\/bascharage\/?page_id=13818"},"modified":"2026-04-26T13:58:00","modified_gmt":"2026-04-26T11:58:00","slug":"kinesitherapeute-bascharage-raphael-frade-araudo","status":"publish","type":"page","link":"https:\/\/pes-luxembourg.lu\/bascharage\/kinesitherapeute-bascharage-raphael-frade-araudo\/","title":{"rendered":"Kin\u00e9sith\u00e9rapeute Bascharage Raphael Frade Araudo"},"content":{"rendered":"<div class=\"fusion-fullwidth fullwidth-box fusion-builder-row-1 nonhundred-percent-fullwidth non-hundred-percent-height-scrolling\" style=\"--awb-border-radius-top-left:0px;--awb-border-radius-top-right:0px;--awb-border-radius-bottom-right:0px;--awb-border-radius-bottom-left:0px;--awb-flex-wrap:wrap;\" ><div class=\"fusion-builder-row fusion-row\"><div class=\"fusion-layout-column fusion_builder_column fusion-builder-column-0 fusion_builder_column_1_1 1_1 fusion-one-full fusion-column-first fusion-column-last\" style=\"--awb-bg-blend:overlay;--awb-bg-size:cover;\"><div class=\"fusion-column-wrapper fusion-flex-column-wrapper-legacy\"><div class=\"fusion-title title fusion-title-1 fusion-title-center fusion-title-text fusion-title-size-one\" style=\"--awb-margin-top-small:0px;--awb-margin-right-small:0px;--awb-margin-bottom-small:20px;--awb-margin-left-small:0px;\"><div class=\"title-sep-container title-sep-container-left\"><div class=\"title-sep sep-double sep-solid\" style=\"border-color:#e0dede;\"><\/div><\/div><span class=\"awb-title-spacer\"><\/span><h1 class=\"fusion-title-heading title-heading-center fusion-responsive-typography-calculated\" style=\"margin:0;--fontSize:34;line-height:1.41;\">Kin\u00e9sith\u00e9rapeute Bascharage Raphael Frade Araujo<\/h1><span class=\"awb-title-spacer\"><\/span><div class=\"title-sep-container title-sep-container-right\"><div class=\"title-sep sep-double sep-solid\" style=\"border-color:#e0dede;\"><\/div><\/div><\/div><div class=\"fusion-clearfix\"><\/div><\/div><\/div><div class=\"fusion-layout-column fusion_builder_column fusion-builder-column-1 fusion_builder_column_1_1 1_1 fusion-one-full fusion-column-first fusion-column-last\" style=\"--awb-bg-blend:overlay;--awb-bg-size:cover;\"><div class=\"fusion-column-wrapper fusion-flex-column-wrapper-legacy\"><div class=\"fusion-person person fusion-person-center fusion-person-1 fusion-person-icon-top\" style=\"--awb-pic-style-color:#000000;--awb-pic-borderradius:20px;--awb-margin-top:0px;--awb-margin-right:0px;--awb-margin-bottom:0px;--awb-margin-left:0px;--awb-social-box-border-top:0px;--awb-social-box-border-right:0px;--awb-social-box-border-bottom:0px;--awb-social-box-border-left:0px;--awb-social-box-border-color:var(--awb-color3);--awb-social-box-border-color-hover:var(--awb-color4);--awb-social-box-colors-hover:rgba(232,232,232,0.8);--awb-social-icon-boxed-colors:#e8e8e8;--awb-social-icon-colors:#82c9f0;--awb-social-icon-colors-hover:rgba(130,201,240,0.8);\"><div class=\"person-shortcode-image-wrapper\"><div class=\"person-image-container hover-type-none person-rounded-overflow\" style=\"-webkit-border-radius:20px;-moz-border-radius:20px;border-radius:20px;border:0px solid #f6f6f6;-webkit-border-radius:20px;-moz-border-radius:20px;border-radius:20px;\"><img decoding=\"async\" class=\"person-img img-responsive wp-image-13821\" width=\"400\" height=\"391\" src=\"https:\/\/pes-luxembourg.lu\/bascharage\/wp-content\/uploads\/sites\/2\/2026\/04\/image-Raphael-Frade-Araudo-400x391.png\" alt=\"Raphael Frade Araujo\" srcset=\"https:\/\/pes-luxembourg.lu\/bascharage\/wp-content\/uploads\/sites\/2\/2026\/04\/image-Raphael-Frade-Araudo-200x196.png 200w, https:\/\/pes-luxembourg.lu\/bascharage\/wp-content\/uploads\/sites\/2\/2026\/04\/image-Raphael-Frade-Araudo-400x391.png 400w, https:\/\/pes-luxembourg.lu\/bascharage\/wp-content\/uploads\/sites\/2\/2026\/04\/image-Raphael-Frade-Araudo-600x587.png 600w, https:\/\/pes-luxembourg.lu\/bascharage\/wp-content\/uploads\/sites\/2\/2026\/04\/image-Raphael-Frade-Araudo-800x782.png 800w, https:\/\/pes-luxembourg.lu\/bascharage\/wp-content\/uploads\/sites\/2\/2026\/04\/image-Raphael-Frade-Araudo-1200x1174.png 1200w, https:\/\/pes-luxembourg.lu\/bascharage\/wp-content\/uploads\/sites\/2\/2026\/04\/image-Raphael-Frade-Araudo.png 1268w\" sizes=\"(max-width: 800px) 100vw, 1200px\" \/><\/div><\/div><div class=\"person-desc\"><div class=\"person-author\"><div class=\"person-author-wrapper\"><span class=\"person-name\">Raphael Frade Araujo<\/span><span class=\"person-title\">Kin\u00e9sith\u00e9rapeute<\/span><\/div><\/div><div class=\"person-content fusion-clearfix\"><\/div><\/div><\/div><div class=\"fusion-text fusion-text-1\"><p class=\"p1\" style=\"text-align: justify;\"><b>FRADE ARAUJO Raphael<\/b>, votre <span class=\"s1\"><b>kin\u00e9sith\u00e9rapeute \u00e0 Bascharage au Luxembourg<\/b><\/span>, est dipl\u00f4m\u00e9 d\u2019un Master en kin\u00e9sith\u00e9rapie de <span class=\"s2\">LUNEX University<\/span>. Au cours de sa formation, il a acquis des comp\u00e9tences solides en anatomie, biom\u00e9canique, physiologie, neuro-anatomie, ainsi qu\u2019en prise en charge des pathologies neurologiques, cardiovasculaires et respiratoires. Il s\u2019est \u00e9galement sp\u00e9cialis\u00e9 dans la r\u00e9\u00e9ducation fonctionnelle, la pr\u00e9vention des blessures sportives, l\u2019orthop\u00e9die des membres sup\u00e9rieurs et inf\u00e9rieurs et le retour \u00e0 l\u2019effort. Sa formation pratique lui a permis de ma\u00eetriser diverses techniques telles que les massages th\u00e9rapeutiques, la mobilisation articulaire, la r\u00e9\u00e9ducation neurologique et cardio-respiratoire, les bilans fonctionnels et l\u2019analyse posturale globale.<\/p>\n<p class=\"p1\" style=\"text-align: justify;\">Durant ses \u00e9tudes, Raphael a effectu\u00e9 plusieurs stages en h\u00f4pitaux, cliniques et cabinets de kin\u00e9sith\u00e9rapie, notamment \u00e0 <a href=\"https:\/\/hialegouest.sante.defense.gouv.fr\"><span class=\"s2\">H\u00f4pital d\u2019Instruction des Arm\u00e9es Legouest<\/span><\/a> \u00e0 Metz, \u00e0 la <a href=\"https:\/\/louispasteursante.com\/ambroise-pare\/\"><span class=\"s2\">Clinique Ambroise Par\u00e9<\/span><\/a> \u00e0 Thionville, au <span class=\"s2\">Centre <a href=\"https:\/\/www.chl.lu\/fr\">Hospitalier de Luxembourg (CHL)<\/a><\/span> au Kirchberg, \u00e0 la <a href=\"https:\/\/clinique-union-toulouse.ramsaysante.fr\"><span class=\"s2\">Clinique de l\u2019Union<\/span> \u00e0 Toulouse<\/a> ainsi qu\u2019au <span class=\"s2\">P\u00f4le \u00c9quilibre Sant\u00e9<\/span> \u00e0 Bascharage. Ces exp\u00e9riences lui ont permis de d\u00e9velopper une approche compl\u00e8te de la kin\u00e9sith\u00e9rapie, en collaborant avec diff\u00e9rents professionnels de sant\u00e9 et en d\u00e9couvrant de nombreuses m\u00e9thodes de traitement.<\/p>\n<p class=\"p1\" style=\"text-align: justify;\">Aujourd\u2019hui, votre <span class=\"s1\"><b>kin\u00e9 \u00e0 Bascharage<\/b><\/span> propose une prise en charge personnalis\u00e9e adapt\u00e9e \u00e0 chaque patient, que ce soit pour une r\u00e9\u00e9ducation post-op\u00e9ratoire, le traitement de douleurs chroniques ou la kin\u00e9sith\u00e9rapie du sport. Sa pratique repose sur la th\u00e9rapie par le mouvement, l\u2019\u00e9ducation du patient et l\u2019utilisation de techniques manuelles cibl\u00e9es, avec pour objectif d\u2019am\u00e9liorer durablement la mobilit\u00e9, de r\u00e9duire la douleur et d\u2019optimiser la qualit\u00e9 de vie. Il vous accueille au sein du <span class=\"s2\">P\u00f4le \u00c9quilibre Sant\u00e9<\/span> au Luxembourg pour un accompagnement professionnel, humain et efficace.<\/p>\n<\/div><div class=\"fusion-title title fusion-title-2 fusion-title-center fusion-title-text fusion-title-size-one\" style=\"--awb-margin-top-small:0px;--awb-margin-right-small:0px;--awb-margin-bottom-small:20px;--awb-margin-left-small:0px;\"><div class=\"title-sep-container title-sep-container-left\"><div class=\"title-sep sep-double sep-solid\" style=\"border-color:#e0dede;\"><\/div><\/div><span class=\"awb-title-spacer\"><\/span><h1 class=\"fusion-title-heading title-heading-center fusion-responsive-typography-calculated\" style=\"margin:0;--fontSize:34;line-height:1.41;\">Prendre RDV en ligne avec Raphael Frade Araujo<\/h1><span class=\"awb-title-spacer\"><\/span><div class=\"title-sep-container title-sep-container-right\"><div class=\"title-sep sep-double sep-solid\" style=\"border-color:#e0dede;\"><\/div><\/div><\/div><div class=\"fusion-text fusion-text-2\"><section data-toggle=\"doc-calendar\" data-picture=\"1\" data-doctor-eid=\"9468b5b7-b147-4e05-9493-d08e68b00ae8\" data-language=\"fr\"><\/section>\n<p><script src=\"https:\/\/api.doctena.lu\/js\/widgetBooking\/calendar\/build.php\"><\/script><\/p>\n<\/div><div class=\"fusion-clearfix\"><\/div><\/div><\/div><\/div><\/div>\n","protected":false},"excerpt":{"rendered":"","protected":false},"author":1,"featured_media":0,"parent":0,"menu_order":0,"comment_status":"closed","ping_status":"closed","template":"","meta":{"_seopress_robots_primary_cat":"","_seopress_titles_title":"","_seopress_titles_desc":"","_seopress_robots_index":"","footnotes":""},"class_list":["post-13818","page","type-page","status-publish","hentry"],"_links":{"self":[{"href":"https:\/\/pes-luxembourg.lu\/bascharage\/wp-json\/wp\/v2\/pages\/13818","targetHints":{"allow":["GET"]}}],"collection":[{"href":"https:\/\/pes-luxembourg.lu\/bascharage\/wp-json\/wp\/v2\/pages"}],"about":[{"href":"https:\/\/pes-luxembourg.lu\/bascharage\/wp-json\/wp\/v2\/types\/page"}],"author":[{"embeddable":true,"href":"https:\/\/pes-luxembourg.lu\/bascharage\/wp-json\/wp\/v2\/users\/1"}],"replies":[{"embeddable":true,"href":"https:\/\/pes-luxembourg.lu\/bascharage\/wp-json\/wp\/v2\/comments?post=13818"}],"version-history":[{"count":3,"href":"https:\/\/pes-luxembourg.lu\/bascharage\/wp-json\/wp\/v2\/pages\/13818\/revisions"}],"predecessor-version":[{"id":13822,"href":"https:\/\/pes-luxembourg.lu\/bascharage\/wp-json\/wp\/v2\/pages\/13818\/revisions\/13822"}],"wp:attachment":[{"href":"https:\/\/pes-luxembourg.lu\/bascharage\/wp-json\/wp\/v2\/media?parent=13818"}],"curies":[{"name":"wp","href":"https:\/\/api.w.org\/{rel}","templated":true}]}}

Kinésithérapeute Bascharage Raphael Frade Araudo

<div class="fusion-fullwidth fullwidth-box fusion-builder-row-1 nonhundred-percent-fullwidth non-hundred-percent-height-scrolling" style="--awb-border-radius-top-left:0px;--awb-border-radius-top-right:0px;--awb-border-radius-bottom-right:0px;--awb-border-radius-bottom-left:0px;--awb-flex-wrap:wrap;" ><div class="fusion-builder-row fusion-row"><div class="fusion-layout-column fusion_builder_column fusion-builder-column-0 fusion_builder_column_1_1 1_1 fusion-one-full fusion-column-first fusion-column-last" style="--awb-bg-blend:overlay;--awb-bg-size:cover;"><div class="fusion-column-wrapper fusion-flex-column-wrapper-legacy"><div class="fusion-title title fusion-title-1 fusion-title-center fusion-title-text fusion-title-size-one" style="--awb-margin-top-small:0px;--awb-margin-right-small:0px;--awb-margin-bottom-small:20px;--awb-margin-left-small:0px;"><div class="title-sep-container title-sep-container-left"><div class="title-sep sep-double sep-solid" style="border-color:#e0dede;"></div></div><span class="awb-title-spacer"></span><h1 class="fusion-title-heading title-heading-center fusion-responsive-typography-calculated" style="margin:0;--fontSize:34;line-height:1.41;">Kinésithérapeute Bascharage Raphael Frade Araujo</h1><span class="awb-title-spacer"></span><div class="title-sep-container title-sep-container-right"><div class="title-sep sep-double sep-solid" style="border-color:#e0dede;"></div></div></div><div class="fusion-clearfix"></div></div></div><div class="fusion-layout-column fusion_builder_column fusion-builder-column-1 fusion_builder_column_1_1 1_1 fusion-one-full fusion-column-first fusion-column-last" style="--awb-bg-blend:overlay;--awb-bg-size:cover;"><div class="fusion-column-wrapper fusion-flex-column-wrapper-legacy"><div class="fusion-person person fusion-person-center fusion-person-1 fusion-person-icon-top" style="--awb-pic-style-color:#000000;--awb-pic-borderradius:20px;--awb-margin-top:0px;--awb-margin-right:0px;--awb-margin-bottom:0px;--awb-margin-left:0px;--awb-social-box-border-top:0px;--awb-social-box-border-right:0px;--awb-social-box-border-bottom:0px;--awb-social-box-border-left:0px;--awb-social-box-border-color:var(--awb-color3);--awb-social-box-border-color-hover:var(--awb-color4);--awb-social-box-colors-hover:rgba(232,232,232,0.8);--awb-social-icon-boxed-colors:#e8e8e8;--awb-social-icon-colors:#82c9f0;--awb-social-icon-colors-hover:rgba(130,201,240,0.8);"><div class="person-shortcode-image-wrapper"><div class="person-image-container hover-type-none person-rounded-overflow" style="-webkit-border-radius:20px;-moz-border-radius:20px;border-radius:20px;border:0px solid #f6f6f6;-webkit-border-radius:20px;-moz-border-radius:20px;border-radius:20px;"><img decoding="async" class="person-img img-responsive wp-image-13821" width="400" height="391" src="https://pes-luxembourg.lu/bascharage/wp-content/uploads/sites/2/2026/04/image-Raphael-Frade-Araudo-400x391.png" alt="Raphael Frade Araujo" srcset="https://pes-luxembourg.lu/bascharage/wp-content/uploads/sites/2/2026/04/image-Raphael-Frade-Araudo-200x196.png 200w, https://pes-luxembourg.lu/bascharage/wp-content/uploads/sites/2/2026/04/image-Raphael-Frade-Araudo-400x391.png 400w, https://pes-luxembourg.lu/bascharage/wp-content/uploads/sites/2/2026/04/image-Raphael-Frade-Araudo-600x587.png 600w, https://pes-luxembourg.lu/bascharage/wp-content/uploads/sites/2/2026/04/image-Raphael-Frade-Araudo-800x782.png 800w, https://pes-luxembourg.lu/bascharage/wp-content/uploads/sites/2/2026/04/image-Raphael-Frade-Araudo-1200x1174.png 1200w, https://pes-luxembourg.lu/bascharage/wp-content/uploads/sites/2/2026/04/image-Raphael-Frade-Araudo.png 1268w" sizes="(max-width: 800px) 100vw, 1200px" /></div></div><div class="person-desc"><div class="person-author"><div class="person-author-wrapper"><span class="person-name">Raphael Frade Araujo</span><span class="person-title">Kinésithérapeute</span></div></div><div class="person-content fusion-clearfix"></div></div></div><div class="fusion-text fusion-text-1"><p class="p1" style="text-align: justify;"><b>FRADE ARAUJO Raphael</b>, votre <span class="s1"><b>kinésithérapeute à Bascharage au Luxembourg</b></span>, est diplômé d’un Master en kinésithérapie de <span class="s2">LUNEX University</span>. Au cours de sa formation, il a acquis des compétences solides en anatomie, biomécanique, physiologie, neuro-anatomie, ainsi qu’en prise en charge des pathologies neurologiques, cardiovasculaires et respiratoires. Il s’est également spécialisé dans la rééducation fonctionnelle, la prévention des blessures sportives, l’orthopédie des membres supérieurs et inférieurs et le retour à l’effort. Sa formation pratique lui a permis de maîtriser diverses techniques telles que les massages thérapeutiques, la mobilisation articulaire, la rééducation neurologique et cardio-respiratoire, les bilans fonctionnels et l’analyse posturale globale.</p>
<p class="p1" style="text-align: justify;">Durant ses études, Raphael a effectué plusieurs stages en hôpitaux, cliniques et cabinets de kinésithérapie, notamment à <a href="https://hialegouest.sante.defense.gouv.fr"><span class="s2">Hôpital d’Instruction des Armées Legouest</span></a> à Metz, à la <a href="https://louispasteursante.com/ambroise-pare/"><span class="s2">Clinique Ambroise Paré</span></a> à Thionville, au <span class="s2">Centre <a href="https://www.chl.lu/fr">Hospitalier de Luxembourg (CHL)</a></span> au Kirchberg, à la <a href="https://clinique-union-toulouse.ramsaysante.fr"><span class="s2">Clinique de l’Union</span> à Toulouse</a> ainsi qu’au <span class="s2">Pôle Équilibre Santé</span> à Bascharage. Ces expériences lui ont permis de développer une approche complète de la kinésithérapie, en collaborant avec différents professionnels de santé et en découvrant de nombreuses méthodes de traitement.</p>
<p class="p1" style="text-align: justify;">Aujourd’hui, votre <span class="s1"><b>kiné à Bascharage</b></span> propose une prise en charge personnalisée adaptée à chaque patient, que ce soit pour une rééducation post-opératoire, le traitement de douleurs chroniques ou la kinésithérapie du sport. Sa pratique repose sur la thérapie par le mouvement, l’éducation du patient et l’utilisation de techniques manuelles ciblées, avec pour objectif d’améliorer durablement la mobilité, de réduire la douleur et d’optimiser la qualité de vie. Il vous accueille au sein du <span class="s2">Pôle Équilibre Santé</span> au Luxembourg pour un accompagnement professionnel, humain et efficace.</p>
</div><div class="fusion-title title fusion-title-2 fusion-title-center fusion-title-text fusion-title-size-one" style="--awb-margin-top-small:0px;--awb-margin-right-small:0px;--awb-margin-bottom-small:20px;--awb-margin-left-small:0px;"><div class="title-sep-container title-sep-container-left"><div class="title-sep sep-double sep-solid" style="border-color:#e0dede;"></div></div><span class="awb-title-spacer"></span><h1 class="fusion-title-heading title-heading-center fusion-responsive-typography-calculated" style="margin:0;--fontSize:34;line-height:1.41;">Prendre RDV en ligne avec Raphael Frade Araujo</h1><span class="awb-title-spacer"></span><div class="title-sep-container title-sep-container-right"><div class="title-sep sep-double sep-solid" style="border-color:#e0dede;"></div></div></div><div class="fusion-text fusion-text-2"><section data-toggle="doc-calendar" data-picture="1" data-doctor-eid="9468b5b7-b147-4e05-9493-d08e68b00ae8" data-language="fr"></section>
<p><script src="https://api.doctena.lu/js/widgetBooking/calendar/build.php"></script></p>
</div><div class="fusion-clearfix"></div></div></div></div></div>
